e first derivative of o(h). What is the units digit of x(-3)?
6
Let r(i) = i**2 + 7*i - 6. Let d be r(-8). Suppose -d*m = -7*m + 10. What is the units digit of m?
2
Suppose f - 1 = 3*j + 11, 3*j + 9 = 0. Suppose -2*d = -3*d - 3, -4*d - 42 = f*u. Let i = 4 - u. What is the units digit of i?
4
Let i = -3 + 10. What is the units digit of i?
7
Let j(y) = y**2 - 6*y - 6. Suppose -2 = -3*h + 22. What is the tens digit of j(h)?
1
Suppose 119 = 3*k + 35. Suppose -3*n = -4*v + 31, -4*v + 4*n = -2*v - k. What is the units digit of v?
4
Suppose 5 = o + 41. Let r = o + 73. What is the units digit of r?
7
Suppose 0 = -5*t + 5*c + 70 + 600, 0 = -4*c - 4. What is the units digit of t?
3
Let r(g) = -g**2 - 11*g - 11. Let f be r(-10). Let v be (-3)/2*-4 + f. Suppose c - 2*c - 3 = -3*q, -2*q - v*c + 19 = 0. What is the units digit of q?
2
Let u = 812 + -486. What is the hundreds digit of u?
3
Let i be -6*1/(-4)*2. Suppose -i = -d - 0*d. What is the units digit of d?
3
Let d(w) = w**2 + 8*w + 5. What is the tens digit of d(-9)?
1
Suppose 3 = -q + 2*q. Suppose -q*k + 105 = 2*k. What is the tens digit of k?
2
Let y(z) = -z**3 + z**2 + 1. Let g be y(2). Let v = 3 + g. Let f = v - -1. What is the units digit of f?
1
Suppose 2*f - 6*f = 104. Let y be f/(-6) + 4/(-12). Suppose 2*b + 2*v - 20 = 0, -y*b + 0*b + 5*v + 31 = 0. What is the units digit of b?
9
What is the tens digit of 10 - (2 - (-4)/(-1))?
1
Suppose a - 3 = -i, -3*a + 1 = 4. Suppose i*j - 4*q + 3*q = 5, -5*j + 13 = q. Suppose -36 = -j*g - 2*g. What is the units digit of g?
9
What is the tens digit of -2*14/(2/(-2))?
2
What is the units digit of ((-420)/(-75))/((-1)/(-5))?
8
Let f be 187/7 + (-4)/(-14). Suppose 5*t - 2*t - f = 0. What is the units digit of t?
9
Suppose -4*f - c + 69 = -74, -2*f + 99 = -5*c. Suppose h - 4*h = 5*i + 10, -3*i - 6 = -4*h. Suppose 5*a + f - 102 = h. What is the tens digit of a?
1
Suppose 11 = 2*t + 3*y, 2*y + 2 = t - 0. Suppose t = n - 1. Suppose -n*p + 4*p = -5. What is the units digit of p?
5
Let r(v) = -3*v + 0*v**2 + v**3 + 10*v + 9*v**2. What is the units digit of r(-8)?
8
Let y(g) = g**3 - 5*g**2 + 2*g - 5. Let a = 8 - 3. Let j be y(a). Suppose 3*z - 6 = -x + 2, -j*x + 23 = -2*z. What is the units digit of z?
1
Let p = 28 + 3. Suppose p = -5*n + 96. What is the units digit of n?
3
Suppose 50 + 122 = 2*p. What is the tens digit of p?
8
Suppose -2 = -3*b - 5*t, 3*b + t = -b - 3. Let c(r) = -3*r**3 - 2*r - 1. Let h be c(b). Let q(s) = s**2 - 4*s + 3. What is the units digit of q(h)?
3
Let l(a) = 9 - a - 9. Let h be l(-5). Suppose -h*q - 2*p = -53, 5*q + p - 3*p - 37 = 0. What is the units digit of q?
9
Let w = -27 + 58. What is the units digit of w?
1
Suppose s + 3*s = 28. What is the units digit of s?
7
Suppose -5*u - 15 = 0, -3*u + 48 = g - 0*g. What is the units digit of g?
7
Suppose -u - 3*l = -17, -3*l = 2*u - 14 - 5. Suppose -o = u - 4. Suppose o*n - 15 - 1 = 0. What is the units digit of n?
8
Let t(b) = -b**2 + 7*b + 6. Let l(j) = j**2 - 2*j - 2. Let k be l(-2). What is the tens digit of t(k)?
1
Let s = 13 + 31. What is the tens digit of s?
4
Let h(o) be the first derivative of -o**2 - 4*o - 2. Let t be h(-3). Suppose t*a = 6 + 18. What is the tens digit of a?
1
Let n be 3 + (2 - 1 - 1). What is the units digit of -4 + n + 2 + 1?
2
Suppose 4 - 34 = -2*c. Suppose 5*q + 7 = -18, 0 = -n + 2*q + c. What is the units digit of n?
5
Let m = 85 + -165. What is the tens digit of (12/(-16))/(2/m)?
3
Let t(k) be the second derivative of k**3/6 - k**2/2 + k. Let p be t(-7). What is the tens digit of ((-13)/4)/(p/32)?
1
Let u = 163 - 136. What is the units digit of u?
7
Suppose -d - 3*j + 187 = 0, 4*d - 4*j - j - 697 = 0. What is the units digit of d?
8
What is the tens digit of -1*1266/6*-1?
1
Let o = -5 - -5. Suppose -b + 4*y - 7 = o, 2*b - 5*y - 4 = -6. What is the units digit of b?
9
Let y = -256 + 452. What is the units digit of y?
6
Suppose 5*h - q + 4*q - 1320 = 0, -4*q = -4*h + 1088. What is the units digit of h?
7
Let l(s) = -15*s. Let h be l(-2). Let d = h - 12. What is the units digit of d?
8
Let u = -74 - -109. What is the tens digit of u?
3
Suppose -4*z + 6*j + 107 = j, 0 = z + 5*j - 33. What is the tens digit of z?
2
Suppose -3*f = 3*t - 54, -5*t + 75 + 3 = f. What is the tens digit of t?
1
Let w = 46 - 0. What is the tens digit of w?
4
Let x(n) = 5*n**2 - 16*n - 10. What is the hundreds digit of x(7)?
1
Suppose -17*f - 159 = -20*f. What is the units digit of f?
3
Let i = -102 + 197. What is the units digit of i?
5
Suppose 0 = w - 146 + 39. What is the hundreds digit of w?
1
Let a = -45 - -17. What is the units digit of 8/a - (-342)/21?
6
Suppose -3*s + 8 = -x, 5*s + 3 = -3*x + 7. What is the units digit of (-189)/(-18) + s/(-4)?
0
Suppose -p = -3*b + 73, 2*b - b - 21 = -3*p. Suppose r + 3*r = b. Let z(w) = -w**3 + 7*w**2 - 4*w - 6. What is the units digit of z(r)?
6
Let w(n) = n**3 + 7*n**2 - 10*n - 15. Let r be w(-8). What is the units digit of r*3 + (7 - -26)?
6
Let p(v) = 24*v**3 + v**2 - 2*v + 1. Let t be p(1). Suppose u + t = 4*u. What is the units digit of u?
8
Let g(z) = z**2 - 3*z - 1. Let l(x) = 5*x**2 - 12*x - 4. Let b(d) = -9*g(d) + 2*l(d). What is the units digit of b(-3)?
1
Suppose -124 = -4*s - 2*t, 75 + 80 = 5*s + 5*t. What is the units digit of s?
1
What is the units digit of (-104)/(-65)*(-170)/(-4)?
8
Suppose 5*f - 70 = -2*o + 203, -5*o = 3*f - 179. What is the units digit of f?
3
Suppose 4*p - 43 - 61 = 0. What is the units digit of p?
6
Suppose 5*t - 3*g - 9 = 0, 0 = -5*t - 4*g + g - 9. Suppose a = -2*s + 6, 3*a + 2*s + t = 2. What is the units digit of 0*a/6 + 3?
3
Suppose 0*c - 5*c = -3*u - 364, -c + 2*u + 70 = 0. What is the units digit of c?
4
Suppose s = 3, 88 - 4 = 2*m - 4*s. Let g be (-16)/6*3/(-2). Suppose g*k - m = -4*a, -3*a + 8*a = 4*k - 30. What is the units digit of k?
0
Suppose -2*y - 94 = -2*b, -5*b + 19 = 4. Let m = y - -69. Suppose -5*d = -45 - m. What is the tens digit of d?
1
Let a be (-3)/6*(-3 - -3). Suppose 4*g - r - 12 = a, -2*g + 4*r + 6 = -0*g. Suppose -g*b + 33 = k, 3*b + 4*k - 52 = -b. What is the tens digit of b?
1
Let q be (-9)/6*4/3. Let z(u) = u + 1. Let a(g) = 4*g + 4. Let b(i) = q*a(i) + 9*z(i). What is the units digit of b(1)?
2
Suppose 0 = -3*w - 4*y + 11 + 7, 0 = -4*w - 3*y + 24. Let l(f) = f**2 - 5*f - 3. What is the units digit of l(w)?
3
Let i = 194 - 88. What is the units digit of i?
6
Let d = -9 + 12. Let o = d + 10. What is the tens digit of o?
1
What is the hundreds digit of (-1 + -10)/((-7)/91)?
1
Let w(n) be the third derivative of n**6/120 - n**5/5 + 7*n**4/12 - 11*n**3/6 - 6*n**2. What is the tens digit of w(11)?
2
Let f be ((-2 - -4) + -1)*2. Let k = f + 1. Suppose c = k*c - 16. What is the units digit of c?
8
Suppose 29 = -3*n + 5. Let o be 2 + (1 - 1) - n. Let x = -3 + o. What is the units digit of x?
7
Suppose 5*g = 303 + 7. Suppose -5*d = -g + 7. What is the tens digit of d?
1
Let o(k) = -3*k**2 - 3*k + 2*k**2 - 6*k + 1. Let w be o(-9). Suppose -j + 7 = -w. What is the units digit of j?
8
Let y = -13 - -14. What is the units digit of (0 - y)/(2/(-22))?
1
Let l(v) = -v - 3. Let b(o) = -1. Let f(m) = -2*m - 1. Let y(s) = -5*b(s) - f(s). Let a be y(-6). What is the units digit of l(a)?
3
Suppose -18 - 41 = -4*g + 5*w, -2 = -2*w. Suppose -3*b - g = b. Let x = b + 6. What is the units digit of x?
2
What is the units digit of (3/5)/(17/1105)?
9
Let j = 90 - 36. What is the tens digit of j?
5
Let v = 518 - 244. What is the hundreds digit of v?
2
Let d(t) be the third derivative of t**4/24 - t**3/6 - 2*t**2. Let l be 8*(0 + 1/1). What is the units digit of d(l)?
7
Let z(m) = -m**2 - 14*m - 6. What is the tens digit of z(-11)?
2
Suppose 0 = 2*h + 3 - 7. Suppose -h*d = -0*d - 8. Suppose p - 5*s = 27, -d*p = -0*p + 2*s - 20. What is the units digit of p?
7
Let o(j) = 2*j**2 - 8*j - 11. What is the tens digit of o(-5)?
7
Let b be 19/7 + (-6)/(-21). Suppose r = b*r. Suppose 4*q - 30 = -3*a - 6, r = q. What is the units digit of a?
8
Let m be (3/2 + -1)*26. Let u = -1 + m. What is the tens digit of u?
1
Suppose 8 = 4*k, 16 = 5*f - 3*f + 2*k. Suppose -g = n + 3*g - 2, -3*n + f = -2*g. Suppose -n*b - 5 = -13. What is the units digit of b?
4
Suppose -7*i + 3*i = -236. What is the units digit of i?
9
Let q(w)